{"id":317,"date":"2018-12-13T21:39:43","date_gmt":"2018-12-13T21:39:43","guid":{"rendered":"https:\/\/wegbegleitung-tierundmensch.ch\/?page_id=317"},"modified":"2021-02-06T16:50:29","modified_gmt":"2021-02-06T16:50:29","slug":"zeremonibelgeitung-initiationen","status":"publish","type":"page","link":"https:\/\/wegbegleitung-tierundmensch.ch\/index.php\/zeremonibelgeitung-initiationen\/","title":{"rendered":"Zeremoniebelgeitung &#8211; Initiationen"},"content":{"rendered":"\n<p>Mit der Geburt meiner Tochter durchlief ich eine meiner ersten bewussten Initiationen- k\u00f6rperlich, seelisch, emotional, zeremoniell &#8211; kurz gesagt auf allen Ebenen. Mir wurde bewusst, dass \u00dcbergangsrituale &#8211; oder sogenannte Initiationszeremonien &#8211; in unserer Kultur sehr verloren gegangen schienen. Wenns gut geht, wird auf die erste Menstruation angestossen, sonst erleben wir mit der Heirat oder dem ersten Kind vielleicht unsere erste bewusste Initiation. <\/p>\n\n\n\n<p>Doch, so fragte ich mich, besteht denn nicht das ganze Leben aus \u00dcbergangen? Aus Entwicklungsabschnitten, bei welchen es um neue Ausrichtungen und das Losl\u00f6sen von alten Geschichten geht? Darum immer wieder JA zu sagen, JA f\u00fcrs Weitergehen auf dem eigenen Seelenweg? Wo waren die Feste und Zeremonien, die Begleitung der weisen Frauen und starken M\u00e4nner, als ich diese \u00dcberg\u00e4nge machte? <\/p>\n\n\n\n<p>Ja mit der Geburt meiner Tochter erinnerte ich mich an eine wunderbare Gabe von mir und eine tiefe Sehnsucht unserer Kultur zugleich. <\/p>\n\n\n\n<p><strong>Ich tr\u00e4ume Dir Deine Zeremonie! Halte Dir den Raum bei Deinem \u00dcbergang und begleite Dich bis zur Schwelle. <\/strong><\/p>\n\n\n\n<p>Jede Zeremonie ist einzigartig, pers\u00f6nlich und hat nur etwas mit Dir selber zu tun. Egal, ob ich Dich bei Deiner Trauung begleiten darf oder Du eine pers\u00f6nliche Zeremonie w\u00fcnschst, um Dich beruflich neu ausrichten zu k\u00f6nnen, jedes Mal kreiere ich genau die Zeremonie, die es gerade braucht. Ich \u00f6ffne einen heiligen Raum, in dem alles m\u00f6glich ist und der liebevoll vom Universum gehalten wird.<\/p>\n\n\n\n<p><strong>Wie arbeite ich?<\/strong><\/p>\n\n\n\n<p>Zur Gabe &#8222;Zeremonien zu tr\u00e4umen&#8220;, gesellen sich eigene Erkenntnisse und Erfahrungen, erlerntes und gef\u00fchltes Wissen aus verschiedenen Kulturen und Traditionen, aus verschiedenen Zeiten und R\u00e4umen, Hellf\u00fchligkeit, Hochsensibilit\u00e4t und eine tiefe Erdverbundenheit dazu. Dabei begegne ich liebevoll und wertfrei verschiedenen Elementen aus unterschiedlichen Traditionen und Religionen. Das innere Gleichgewicht und die Stimmigkeit dieser Elemente sind mir wichtig. Gerne arbeite ich mit Trommel und R\u00e4ucherwerk, kreiere gerade bei pers\u00f6nlichen Anliegen oft ganz ungewohnte Zeremonien. Einf\u00fchlsam und flexibel lasse ich mich aber auch gerne auf Deine eigenen Vorstellungen und W\u00fcnsche der Zeremonie ein. <\/p>\n\n\n\n<figure class=\"wp-block-image\"><img loading=\"lazy\" width=\"768\" height=\"1024\" src=\"https:\/\/wegbegleitung-tierundmensch.ch\/wp-content\/uploads\/2019\/01\/CIMG5143-768x1024.jpg\" alt=\"\" class=\"wp-image-600\" srcset=\"https:\/\/wegbegleitung-tierundmensch.ch\/wp-content\/uploads\/2019\/01\/CIMG5143-768x1024.jpg 768w, https:\/\/wegbegleitung-tierundmensch.ch\/wp-content\/uploads\/2019\/01\/CIMG5143-225x300.jpg 225w, https:\/\/wegbegleitung-tierundmensch.ch\/wp-content\/uploads\/2019\/01\/CIMG5143.jpg 1920w\" sizes=\"(max-width: 767px) 89vw, (max-width: 1000px) 54vw, (max-width: 1071px) 543px, 580px\" \/><\/figure>\n\n\n\n<p><strong>Wie ist das Vorgehen, wenn Du eine Zeremonie bei mir w\u00fcnschst?<\/strong><\/p>\n\n\n\n<ul><li> Melde Dich bei mir (per Telefon oder E-Mail) und vereinbare ein unverbindliches Treffen, um sich gegenseitig kennen zu lernen.<\/li><li>Wenn die Verbindung f\u00fcr beide Seiten stimmig ist, besprechen wir in einem weiteren Treffen folgende Punkte:                                   <br><em>Art der Zeremonie (\u00f6ffentlich\/privat) <br>Meine Aufgabe als Zeremoniebegleiterin  <br>Datum und Ort der Zeremonie  <br>Eigene Ideen, W\u00fcnsche und Vorstellungen  <br>Zeitumfang der Zeremonie (wenn n\u00f6tig) <br>Energieausgleich  <br>Sonstige Punkte <\/em><\/li><li>Evtl. braucht es noch ein weiteres Treffen, vielleicht reichen Telefonat oder Emails aus , f\u00fcrs letzte Kl\u00e4ren.<\/li><li>Eigentliche Zeremonie nach Absprache<\/li><li>Nachbereitung ca. 3-4 Wochen nach der Zeremonie (braucht es noch etwas? Austausch, R\u00fcckmeldung)<\/li><li><\/li><\/ul>\n\n\n\n<p>\n\nGerne darfst Du Dich \u00fcbers Kontaktformular bei mir melden. \n\n<\/p>\n","protected":false},"excerpt":{"rendered":"<p>Mit der Geburt meiner Tochter durchlief ich eine meiner ersten bewussten Initiationen- k\u00f6rperlich, seelisch, emotional, zeremoniell &#8211; kurz gesagt auf allen Ebenen. Mir wurde bewusst, dass \u00dcbergangsrituale &#8211; oder sogenannte Initiationszeremonien &#8211; in unserer Kultur sehr verloren gegangen schienen. Wenns gut geht, wird auf die erste Menstruation angestossen, sonst erleben wir mit der Heirat oder &hellip; <\/p>\n<p class=\"link-more\"><a href=\"https:\/\/wegbegleitung-tierundmensch.ch\/index.php\/zeremonibelgeitung-initiationen\/\" class=\"more-link\"><span class=\"screen-reader-text\">\u201eZeremoniebelgeitung &#8211; Initiationen\u201c <\/span>weiterlesen<\/a><\/p>\n","protected":false},"author":1,"featured_media":0,"parent":0,"menu_order":0,"comment_status":"closed","ping_status":"closed","template":"","meta":[],"_links":{"self":[{"href":"https:\/\/wegbegleitung-tierundmensch.ch\/index.php\/wp-json\/wp\/v2\/pages\/317"}],"collection":[{"href":"https:\/\/wegbegleitung-tierundmensch.ch\/index.php\/wp-json\/wp\/v2\/pages"}],"about":[{"href":"https:\/\/wegbegleitung-tierundmensch.ch\/index.php\/wp-json\/wp\/v2\/types\/page"}],"author":[{"embeddable":true,"href":"https:\/\/wegbegleitung-tierundmensch.ch\/index.php\/wp-json\/wp\/v2\/users\/1"}],"replies":[{"embeddable":true,"href":"https:\/\/wegbegleitung-tierundmensch.ch\/index.php\/wp-json\/wp\/v2\/comments?post=317"}],"version-history":[{"count":15,"href":"https:\/\/wegbegleitung-tierundmensch.ch\/index.php\/wp-json\/wp\/v2\/pages\/317\/revisions"}],"predecessor-version":[{"id":954,"href":"https:\/\/wegbegleitung-tierundmensch.ch\/index.php\/wp-json\/wp\/v2\/pages\/317\/revisions\/954"}],"wp:attachment":[{"href":"https:\/\/wegbegleitung-tierundmensch.ch\/index.php\/wp-json\/wp\/v2\/media?parent=317"}],"curies":[{"name":"wp","href":"https:\/\/api.w.org\/{rel}","templated":true}]}}