{"id":26,"date":"2018-12-03T12:12:30","date_gmt":"2018-12-03T12:12:30","guid":{"rendered":"https:\/\/wegbegleitung-tierundmensch.ch\/?page_id=26"},"modified":"2019-01-16T14:41:16","modified_gmt":"2019-01-16T14:41:16","slug":"wie-laeuft-eine-tierberatung-bei-mir-in-der-regel-ab","status":"publish","type":"page","link":"https:\/\/wegbegleitung-tierundmensch.ch\/index.php\/wie-laeuft-eine-tierberatung-bei-mir-in-der-regel-ab\/","title":{"rendered":"Wie l\u00e4uft eine Tierberatung bei mir in der Regel ab?"},"content":{"rendered":"\n<p>Normalerweise kommuniziere ich mit dem Tier \u00fcber Distanz, also ohne direkten k\u00f6rperlichen Kontakt. Ganz gut funktioniert das, wenn ich den Menschen des Tieres in der N\u00e4he habe (am Telefon oder direkt bei mir). Dadurch entsteht so eine Art Trialog, was von grossem Nutzen f\u00fcr alle Beteiligten sein kann. Denn wer kennt sein eigenes Tier besser als er\/sie selber? So kann von Anfang an in die gleiche Richtung gearbeitet, Missverstandenes direkt gekl\u00e4rt und Nachfragen sofort angebracht werden. Daher bin ich sehr auf die Mitarbeit des Menschen angewiesen und lege grossen Wert darauf.<br> Nachdem ich mich etwas gesammelt und auf das Tier eingestimmt habe, rufe ich es in Gedanken, stelle mich vor, erkl\u00e4re ihm warum ich es rufe und frage es, ob es f\u00fcr ein Gespr\u00e4ch bereit ist. Falls das Tier gerade nicht reden m\u00f6chte, akzeptieren wir seinen Wunsch und vereinbaren einen anderen Termin.<br> Ist das Tier bereit, kann der Mensch seine erste Frage stellen. Diese sollte wenn m\u00f6glich allgemeiner Art sein (also wie es ihm geht oder was es gerade macht), denn wie bei Gespr\u00e4chen zwischen Menschen, ist es auch bei Gespr\u00e4chen zwischen Tier und Mensch etwas unh\u00f6flich gerade \u201emit der T\u00fcr ins Haus zu fallen\u201c. Fragen bez\u00fcglich der Gesundheit oder Problempunkten des Tieres werden dann in der Mitte des Gespr\u00e4ches gestellt. Ich wiederhole die Frage dann immer laut und warte dann auf die Antwort des Tieres, welche ich umgehend an den Menschen weiterleite.&nbsp;<br> So muss ich nicht bereits von Anfang an alles \u00fcber das Tier wissen, sondern erfrage nur das, was f\u00fcr das Gespr\u00e4ch wirklich wichtig ist. Dementsprechend wird auch die Privatsph\u00e4re der Mensch-Tier-Beziehung bewahrt.&nbsp;<\/p>\n\n\n\n<p><br> Ich freue mich auf jeden Fall auf ein interessantes Gespr\u00e4ch mit Dir und Deinen Tieren!<\/p>\n\n\n\n<figure class=\"wp-block-image\"><img loading=\"lazy\" width=\"768\" height=\"1024\" src=\"https:\/\/wegbegleitung-tierundmensch.ch\/wp-content\/uploads\/2019\/01\/CIMG5184-768x1024.jpg\" alt=\"\" class=\"wp-image-591\" srcset=\"https:\/\/wegbegleitung-tierundmensch.ch\/wp-content\/uploads\/2019\/01\/CIMG5184-768x1024.jpg 768w, https:\/\/wegbegleitung-tierundmensch.ch\/wp-content\/uploads\/2019\/01\/CIMG5184-225x300.jpg 225w, https:\/\/wegbegleitung-tierundmensch.ch\/wp-content\/uploads\/2019\/01\/CIMG5184.jpg 1920w\" sizes=\"(max-width: 767px) 89vw, (max-width: 1000px) 54vw, (max-width: 1071px) 543px, 580px\" \/><\/figure>\n\n\n\n<h4><strong>Wie gehst Du vor, wenn Du ein Gespr\u00e4ch mit Deinem Tier w\u00fcnschst?<\/strong><\/h4>\n\n\n\n<ul><li>Melde Dich bei mir (per Telefon oder E-Mail) und vereinbare einen telefonischen Termin.<\/li><li>Sende zum Telefontermin ein Foto Deines Tieres (per Post oder E-Mail) und gib Namen, Alter und Rasse des Tieres an.<\/li><li>Zur Vorbereitung auf das Gespr\u00e4ch notiere Dir Deine Fragen und Anliegen an Dein Tier. Beginne dabei mit etwas, wor\u00fcber das Tier gerne spricht und nimm Probleme \u2013 auch gesundheitlicher Art \u2013 in den mittleren Teil des Gespr\u00e4ches.<\/li><li>Ruf p\u00fcnktlich zum vereinbarten Termin an.<\/li><\/ul>\n","protected":false},"excerpt":{"rendered":"<p>Normalerweise kommuniziere ich mit dem Tier \u00fcber Distanz, also ohne direkten k\u00f6rperlichen Kontakt. Ganz gut funktioniert das, wenn ich den Menschen des Tieres in der N\u00e4he habe (am Telefon oder direkt bei mir). Dadurch entsteht so eine Art Trialog, was von grossem Nutzen f\u00fcr alle Beteiligten sein kann. Denn wer kennt sein eigenes Tier besser &hellip; <\/p>\n<p class=\"link-more\"><a href=\"https:\/\/wegbegleitung-tierundmensch.ch\/index.php\/wie-laeuft-eine-tierberatung-bei-mir-in-der-regel-ab\/\" class=\"more-link\"><span class=\"screen-reader-text\">\u201eWie l\u00e4uft eine Tierberatung bei mir in der Regel ab?\u201c <\/span>weiterlesen<\/a><\/p>\n","protected":false},"author":1,"featured_media":0,"parent":0,"menu_order":0,"comment_status":"closed","ping_status":"closed","template":"template-fullwidth.php","meta":[],"_links":{"self":[{"href":"https:\/\/wegbegleitung-tierundmensch.ch\/index.php\/wp-json\/wp\/v2\/pages\/26"}],"collection":[{"href":"https:\/\/wegbegleitung-tierundmensch.ch\/index.php\/wp-json\/wp\/v2\/pages"}],"about":[{"href":"https:\/\/wegbegleitung-tierundmensch.ch\/index.php\/wp-json\/wp\/v2\/types\/page"}],"author":[{"embeddable":true,"href":"https:\/\/wegbegleitung-tierundmensch.ch\/index.php\/wp-json\/wp\/v2\/users\/1"}],"replies":[{"embeddable":true,"href":"https:\/\/wegbegleitung-tierundmensch.ch\/index.php\/wp-json\/wp\/v2\/comments?post=26"}],"version-history":[{"count":6,"href":"https:\/\/wegbegleitung-tierundmensch.ch\/index.php\/wp-json\/wp\/v2\/pages\/26\/revisions"}],"predecessor-version":[{"id":592,"href":"https:\/\/wegbegleitung-tierundmensch.ch\/index.php\/wp-json\/wp\/v2\/pages\/26\/revisions\/592"}],"wp:attachment":[{"href":"https:\/\/wegbegleitung-tierundmensch.ch\/index.php\/wp-json\/wp\/v2\/media?parent=26"}],"curies":[{"name":"wp","href":"https:\/\/api.w.org\/{rel}","templated":true}]}}